- 47. What is the tens digit of o(-3)?
1
Let w(l) = -l**3 - 35*l**2 - 40*l + 12. Let o be w(-34). Suppose 4 = -4*y, -5*y + 4 - 29 = -2*i. What is the tens digit of (-6)/10 + o/i?
2
Let y be -8 + (-7 + 9 - -3). Let g(l) = -l + 4 - 4*l - 2*l. What is the units digit of g(y)?
5
Let q = 926 - 407. What is the tens digit of q?
1
Suppose -21*c + 16*c - 2*d = -5890, 3*c + d - 3533 = 0. What is the thousands digit of c?
1
Suppose -4*p = 3*a - 28, -6 = 3*p - 2*p + 4*a. Let l be 0 + 39 - 20/p. Suppose -k + 2*k = 4*r + 42, -k = -3*r - l. What is the tens digit of k?
2
Let f be 4*(-3)/(-4) - 6. Let a be (-1)/3 - 10/f. Suppose 3*t = -o + 29, 4*t - a*o + 22 = 65. What is the tens digit of t?
1
Suppose 0 = -2*z - n - 5, 2*n = -5*z + n - 11. What is the units digit of z + (17 - (1 + -2))?
6
Let o = 5 - -11. Let h be (-20)/(-6)*3/2. Suppose h*z = 10, -o = -3*j - 0*j - 2*z. What is the units digit of j?
4
What is the hundreds digit of (-2 - -4)*-3 - -1152?
1
Let z(i) = 2*i + 14 + 23 - i**2 + 13 - 16. Suppose 5*a - 10 = 2*q, -a = 5*q + 3*a - 8. What is the tens digit of z(q)?
3
Let i(p) = 10*p + 8. Let y be i(6). Let b = 39 + -79. Let d = b + y. What is the tens digit of d?
2
Let d be (0 + -8)*-2 - 3. Suppose 0 = 6*b - d*b + 574. What is the tens digit of b?
8
Let d be ((-12)/(-16))/((-3)/(-8)). Suppose -d*f = -f - 3. Suppose 5*j - 5*k = 40, 26 = f*j + 4*k - 5*k. What is the units digit of j?
9
Let q(v) = v**2 + 16*v - 19. Let g(k) = -k**2 - 14*k - 46. Let o be g(-12). What is the tens digit of q(o)?
1
Let h(u) = 23*u - 7. Let x be h(8). Suppose 6*v = 3*v + x. Let y = v - 12. What is the units digit of y?
7
What is the tens digit of ((-3)/2)/(-2*39/14872)?
8
Suppose 9*q - 460 = 7*q. Suppose -6*n - q = -11*n. What is the tens digit of n?
4
Suppose 0 = -97*q + 100*q. Suppose -704 = -2*k + 3*b, -k + 347 = -q*b + b. What is the tens digit of k?
4
Let m(o) = 5*o + 58. What is the units digit of m(14)?
8
Let f = 79 + -77. Suppose 4*w = f*g + 746, -2*w - 3*g + 731 = 2*w. What is the hundreds digit of w?
1
Suppose 5*l = 2*k - 165, k - 5*l - 12 - 63 = 0. Suppose -4*m + 46 = -k. Suppose 6*a - 314 = m. What is the tens digit of a?
5
Suppose -1293 - 434 = -11*c. Let g = -15 + c. What is the units digit of g?
2
Suppose -h + 0*h = 3*h. Suppose 2*q + 3*q + 207 = s, 4*s - 4*q - 844 = h. What is the tens digit of s?
1
Suppose 0 = -0*j - 4*j + 16. Suppose -74 = 4*y - 2*c, j*y - 3*c + 69 = -0*c. Let v = y + 40. What is the tens digit of v?
1
Let h(k) be the first derivative of -k**4/4 + 7*k**3/3 + 3*k**2 - 13*k + 15. What is the units digit of h(6)?
9
What is the tens digit of (20/150*5)/((-3)/(-2538))?
6
Let l be (-6 - -3) + 1*9. Let b be l/30 + (-59)/(-5). What is the units digit of b/(-6*(-4)/16)?
8
Let i(m) = 6*m**2 - 21*m - 24. What is the units digit of i(-10)?
6
Let q(x) = -x**3 + 17*x**2 - 18*x + 26. Let k(z) = -z**3 + 17*z**2 - 17*z + 26. Let f(p) = 7*k(p) - 6*q(p). What is the hundreds digit of f(16)?
1
Suppose 2*l - b - 5 = 0, -2*l + b - 1 = 2*b. Let r = 15 + l. Suppose 13*g = r*g - 93. What is the tens digit of g?
3
Let k = -371 + 834. What is the tens digit of k?
6
Let q(f) = 9*f**3 + 20*f**2 + 3. What is the thousands digit of q(5)?
1
Let u = 768 - 387. What is the hundreds digit of u?
3
Suppose 15*h - 8432 = -19*h. What is the tens digit of h?
4
Suppose -4*g - 6 = l, 0 + 9 = 2*l + g. Let b = l - 3. Suppose 0*o - 96 = -b*o. What is the tens digit of o?
3
Let a(l) = l**3 + 4*l**2 - 5*l + 4. Let d be a(-5). Suppose 2*q = 5*j + 28, 5*q = -2*j + 8 + d. What is the units digit of q?
4
Suppose 5*a + 7 = 6*a. Let f = a - 11. Let o = f - -10. What is the units digit of o?
6
Let m = 3 + 9. Suppose -11*k - 161 = -m*k. What is the tens digit of k?
6
Let m(f) be the second derivative of f**4/12 + f**3/3 + 4*f**2 - 6*f - 2. Let q = 1 - 7. What is the tens digit of m(q)?
3
Let g(m) = 2*m**2 - 8*m - 1. Let f be g(4). What is the hundreds digit of (-1 - (f - -1)) + 5460/52?
1
Suppose -3*n = 2*n - 20. Let r(f) = -3 - 4*f**2 + 2*f**3 + 5 - 5*f - 2 + 3. What is the tens digit of r(n)?
4
Let x(g) = -37*g - 1. Let d(h) = 73*h + 2. Let a(l) = -3*d(l) - 5*x(l). Let j = 98 - 99. What is the units digit of a(j)?
3
Let f(i) = -i**2 + 17. Let a be (-3)/(-2) - (-9)/(-6). Let j be f(a). Suppose 0 = -j*n + 19*n - 104. What is the tens digit of n?
5
Let t = 12 - -80. What is the units digit of (-3)/(362/t + -4)?
6
What is the tens digit of 54/(-36)*1588/(-3)?
9
Let s(c) = -2*c. Let d be s(-1). Let u be (4 + -2)*4/8. Suppose y - d = u. What is the units digit of y?
3
Let r be (-3)/9 + (-236)/3. Let h = r + 113. What is the tens digit of h?
3
Let j = 2113 - -2646. What is the tens digit of j?
5
Let f = -1091 - -1586. What is the hundreds digit of f?
4
Suppose -8*p - 650 = -4930. What is the units digit of p?
5
Let f(c) = 2*c**2 - 10*c + 7. Let d be f(7). Let k = -2 + 6. Suppose 3*w + 5*u = d, -3*w - k*u - 6 = -4*w. What is the tens digit of w?
1
Suppose 14*q = 12*q + 1650. Suppose 5*m - q = 3*x, 3*m - 193 = 2*m - 5*x. What is the units digit of m?
8
Let n(r) = -r**3 + 13*r**2 - 8*r + 24. Let u be n(12). Suppose -4*f - 225 = -5*a, 0 = -0*a - 5*a + 2*f + 215. Let l = u - a. What is the tens digit of l?
3
Let v(t) = -3*t - 3. Suppose 2*b - 4*b = 26. What is the tens digit of v(b)?
3
Suppose -2*d - k = 3*d - 3345, 2*k + 10 = 0. Suppose 3*g - g = d. Suppose 7*s - 12*s = -g. What is the units digit of s?
7
Let p(t) = -t**3 + 6*t**2 + 10*t - 12. Let k = -2 + 21. Suppose 3*u - k = -1. What is the units digit of p(u)?
8
Suppose -4 - 12 = -4*r. Suppose r*j + 85 = -15. Let k = j + 42. What is the tens digit of k?
1
Suppose -g + 2*t = -877, 0*g = -4*g - 5*t + 3560. What is the hundreds digit of g?
8
Suppose -39*n + 42*n - 7770 = 0. What is the tens digit of n?
9
What is the hundreds digit of (166/(-2))/((-18)/162)?
7
Let w = -24 - -33. Suppose -75 = -2*u + w. What is the tens digit of u?
4
Suppose 3*r - 6 = 69. Suppose 0 = m + 4*m - r. Suppose 39 - 184 = -m*g. What is the units digit of g?
9
Suppose 0 = -12*l + 9*l + 309. Suppose 5*h - 5*c - l - 7 = 0, 5*c = 2*h - 29. What is the tens digit of h?
2
Suppose 0 = -22*c + 16*c + 4482. What is the units digit of c?
7
Let f = -2 - -2. Let z(h) = h**2 + 54 + 25 - h - 64. What is the tens digit of z(f)?
1
Suppose 6*j + 2*o + 336 = 2*j, -j = -5*o + 84. Let n be (-14)/(-35) - j/(-10). What is the units digit of (n/6)/((-2)/6)?
4
Suppose -5*u = 5*k - 1270, 5*u - k = 780 + 460. What is the units digit of u?
9
Suppose -3*n + 5*p = 47, 0*p - 1 = -p. What is the tens digit of (-350)/n - 3/1?
2
Suppose 5*g + 187 = 2*i - 167, -6 = 3*g. Suppose 2*z + i = 2*x + 6*z, -2*x = -2*z - 160. What is the units digit of x?
2
Let c(o) = o**2 + 6*o + 2. Let k be c(5). Suppose -k*w + 54*w = 0. Suppose -3*n = -i - 213, n - 61 = -w*n - 3*i. What is the units digit of n?
0
Let x(o) be the third derivative of -o**6/120 + 7*o**5/60 + 7*o**4/24 - 4*o**3/3 - 8*o**2. Let s be x(8). Let g = 1 - s. What is the units digit of g?
7
Suppose 953 - 101 = 12*m. What is the units digit of m?
1
Suppose -4*c + 10 = n - 0*n, 2*c = 2*n. Suppose 65 = n*f - 101. What is the tens digit of f?
8
Let z = 6 + -4. Suppose -z*x + 5*x - 77 = -5*n, n - x = 9. Suppose 43 = 3*t + n. What is the units digit of t?
0
Suppose 2*v = 4*m + 6, -m = -5*v + 6 - 18. What is the tens digit of (-45)/10*52/v?
7
What is the tens digit of -3 - (12500/(-4) - (1 - -1))?
2
Let y(h) = -18*h + 66. What is the tens digit of y(-12)?
8
Suppose 0 = 3*c - c - o + 28, 0 = -2*o + 8. What is the units digit of (-100)/c + (-2)/6?
8
Let y(o) = -o**3 + 6*o**2 + 7*o - 62. What is the units digit of y(-12)?
6
Let f(a) = -a + 15. Let m be f(8). What is the units digit of 3*(m + -4 + 2)?
5
Suppose 3*a = -a + 3*u + 3, -3*u = -2*a + 9. Let l be 2*32 - (2 + a). Suppose -5*h - 2*j = 2*j - 80, -l = -4*h - 3*j. What is the units digit of h?
0
Let u = 2437 + -1482. What is the tens digit of u?
5
Suppose -2*k = -2*c + 1609 + 843, c = 4*k + 1220. What is the thousands digit of c?
1
Let d(s) be the first derivative of s**3/3 + 9*s**2/2 + 6*s - 3. Let r be d(-10). Let q = r - 13. What is the units digit of q?
3
Let r(z) = 10*z + 22. Let m = -24 + 35. What is the tens digit of r(m)?
3
Let d(l) = l**3 + 8*l**2 + 5*l. Let s be d(-9). Let p be ((-30)/(-45))/((-2)/s). S